what is 2012 - 4?
2003
In base 7, what is -5 - 13?
-21
In base 5, what is 4 + 4203?
4212
In base 12, what is -a - -1?
-9
In base 4, what is 3 - -322231?
322300
In base 12, what is -55 + 5?
-50
In base 6, what is -53 + -11?
-104
In base 15, what is -5 + 4e?
49
In base 16, what is 10 + -5?
b
In base 9, what is -22 + -6?
-28
In base 15, what is 8 + -5e?
-56
In base 10, what is 1 + -241?
-240
In base 9, what is -3685 - 4?
-3700
In base 2, what is -1101000000 - -10?
-1100111110
In base 8, what is 116 + 51?
167
In base 11, what is 41 + 5?
46
In base 6, what is -1025 - 4?
-1033
In base 4, what is 200 + -1?
133
In base 10, what is 1 + 4694?
4695
In base 12, what is 5 - 16?
-11
In base 9, what is -3 + 51?
47
In base 5, what is -3202324 + -4?
-3202333
In base 13, what is -5 - -100?
c8
In base 2, what is 1111000110 + -10?
1111000100
In base 4, what is -1022302 - 11?
-1022313
In base 6, what is 1 - 303?
-302
In base 6, what is -151 - -33?
-114
In base 8, what is 5 + -274?
-267
In base 13, what is -1b3 + -14?
-1c7
In base 13, what is -3 + -83?
-86
In base 2, what is 101 - -11?
1000
In base 11, what is 1210 + -2?
1209
In base 5, what is 33 + -2?
31
In base 7, what is 25 + 5?
33
In base 16, what is 6 - -28?
2e
In base 14, what is 60 - b1?
-51
In base 2, what is -101 - 10?
-111
In base 13, what is 1 - -5c1?
5c2
In base 14, what is 37 - 8?
2d
In base 3, what is 110021 - -12?
110110
In base 9, what is 8 - 16?
-7
In base 10, what is 6 + -27?
-21
In base 7, what is -266 + -3?
-302
In base 6, what is -4 - -20243?
20235
In base 13, what is 5 - 15?
-10
In base 4, what is 230003 - 0?
230003
In base 16, what is -64 + -3a?
-9e
In base 10, what is 4157 - -3?
4160
In base 2, what is 1 + -101011100?
-101011011
In base 5, what is 30 - 21?
4
In base 5, what is 24202 + 0?
24202
In base 16, what is 4 - 40?
-3c
In base 7, what is 23 + 522?
545
In base 8, what is -4 + -41?
-45
In base 7, what is 402 + -2?
400
In base 2, what is -101 - -10110101010?
10110100101
In base 14, what is -261 - 3?
-264
In base 3, what is -210 - 120?
-1100
In base 15, what is 3 - e45?
-e42
In base 5, what is -3133134 - 0?
-3133134
In base 8, what is -4 - 660?
-664
In base 10, what is -490 + -1?
-491
In base 8, what is -57 + -3?
-62
In base 13, what is 37 - 4?
33
In base 4, what is -1010031 + 1?
-1010030
In base 5, what is 14020 - -4?
14024
In base 6, what is 1 + -543?
-542
In base 5, what is 3 + -222?
-214
In base 13, what is 3 + -8a?
-87
In base 12, what is 107 - -6?
111
In base 8, what is 21733 - -4?
21737
In base 11, what is -2 - -1a08?
1a06
In base 3, what is 12 + -11210?
-11121
In base 16, what is 11 + 21d?
22e
In base 9, what is -3388 + 4?
-3384
In base 7, what is -1241 - -4?
-1234
In base 12, what is 6 - -3?
9
In base 11, what is -12 - -92?
80
In base 8, what is -652 + 73?
-557
In base 4, what is 31 - -233?
330
In base 10, what is 22 + 51?
73
In base 6, what is 0 - 14314?
-14314
In base 12, what is -5 + -21?
-26
In base 12, what is b0 - 5?
a7
In base 13, what is 4 + 20?
24
In base 4, what is -1131 + 1032?
-33
In base 7, what is 2 - 132?
-130
In base 12, what is 5 + 275?
27a
In base 6, what is 12034 + -2?
12032
In base 12, what is 5 - -b?
14
In base 3, what is -22 + -11011?
-11110
In base 16, what is -4f + -69?
-b8
In base 9, what is -2045 - -4?
-2041
In base 11, what is -3aa - 4?
-403
In base 2, what is 10 - -11000001000?
11000001010
In base 2, what is -110100101 - -101?
-110100000
In base 3, what is 1 - 2221?
-2220
In base 13, what is -2911 - -5?
-2909
In base 16, what is -224 + -1b?
-23f
In base 7, what is 5 - -615?
623
In base 9, what is -52 - -3?
-48
In base 15, what is 129 - 4?
125
In base 12, what is 1173 + 1?
1174
In base 8, what is -2 - 160?
-162
In base 11, what is -2 - 20?
-22
In base 15, what is -54 + 5?
-4e
In base 2, what is 1110 - -11?
10001
In base 7, what is 123 + -6?
114
In base 8, what is 42 + -2?
40
In base 13, what is -c68 - -3?
-c65
In base 14, what is -1b3 - 5?
-1b8
In base 7, what is 2 + -2042?
-2040
In base 11, what is -48 - 21?
-69
In base 5, what is -4 + 10100?
10041
In base 8, what is 5 + -27?
-22
In base 12, what is -7 - 18?
-23
In base 12, what is a2 + -4?
9a
In base 3, what is 1010 - 10?
1000
In base 8, what is -4 - -176?
172
In base 2, what is -100 + -1101?
-10001
In base 6, what is 2 + -20?
-14
In base 16, what is -4 - -a?
6
In base 8, what is 706 - -4?
712
In base 4, what is 330011 - 10?
330001
In base 13, what is 4 + -3ac?
-3a8
In base 16, what is -6 - 0?
-6
In base 13, what is -1 + 5a?
59
In base 5, what is -2 + -31?
-33
In base 15, what is b7 - -1?
b8
In base 2, what is 110 + 11?
1001
In base 10, what is 58 - -466?
524
In base 16, what is ae - 2?
ac
In base 13, what is 180 - -6?
186
In base 16, what is -18 - -a8?
90
In base 14, what is 2 + -22c9?
-22c7
In base 5, what is -1213 - 0?
-1213
In base 14, what is 9bb + -3?
9b8
In base 6, what is 15415 - -12?
15431
In base 14, what is 6 + -a19?
-a13
In base 13, what is -5 - -1644?
163c
In base 15, what is -32a + -4?
-32e
In base 10, what is -4480 + 0?
-4480
In base 7, what is 1 + -4640?
-4636
In base 10, what is -2 + -1077?
-1079
In base 12, what is 662 + -3?
65b
In base 3, what is -1 + -1022?
-1100
In base 10, what is 11 + 450?
461
In base 13, what is -5 - -3b44?
3b3c
In base 4, what is -20 - 1001?
-1021
In base 4, what is -11 - 11?
-22
In base 10, what is 177 + 58?
235
In base 8, what is 141 + -36?
103
In base 12, what is -123 - 4?
-127
In base 9, what is -8 - 7?
-16
In base 11, what is 545 - -1?
546
In base 9, what is 35 - -5?
41
In base 15, what is -3 - -2a?
27
In base 14, what is 178 + -8?
170
In base 13, what is -b + 27b?
270
In base 6, what is -3 + -14003?
-14010
In base 11, what is 26 + 13?
39
In base 8, what is 22542 - 1?
22541
In base 4, what is -1 + 21003?
21002
In base 6, what is -45 - -113?
24
In base 8, what is 0 + 21?
21
In base 14, what is -423 + 2?
-421
In base 12, what is 85 - -1?
86
In base 11, what is -4 + 1686?
1682
In base 15, what is 35 + -3b?
-6
In base 11, what is -a - 1a7?
-206
In base 5, what is 243 + 3320?
4113
In base 5, what is 22 - 13441?
-13414
In base 14, what is -3 - 23?
-26
In base 4, what is -1 - -1110133?
1110132
In base 13, what is 913 + 6?
919
In base 4, what is -1210100 + 3?
-1210031
In base 8, what is -1 + -246?
-247
In base 2, what is 0 - 1011100111110?
-1011100111110
In base 16, what is fb + 4?
ff
In base 10, what is 3 + -651?
-648
In base 16, what is -1 - 501?
-502
In base 9, what is -3 + 121?
117
In base 11, what is -1218 - 1?
-1219
In base 6, what is -145 - 1?
-150
In base 3, what is 211 + 20?
1001
In base 11, what is 2 + 47?
49
In base 7, what is -4434 + -4?
-4441
In base 4, what is 33 + -12?
21
In base 5, what is 10 + -1342?
-1332
In base 8, what is -3 - 645?
-650
In base 3, what is -10202 - -21?
-10111
In base 12, what is 19a + 9?
1a7
In base 7, what is -1165 - 5?
-1203
In base 3, what is 2 - -222011?
222020
In base 5, what is 2 + 1232?
1234
In base 14, what is -520 + 2?
-51c
In base 9, what is 7 - 728?
-721
In base 7, what is 10206 + 4?
10213
In base 7, what is 3 - -240?
243
In base 5, what is -1 - -12204?
12203
In base 12, what is 5 - -46?
4b
In base 14, what is 77a - -2?
77c
In base 16, what is -81 - 24?
-a5
In base 7, what is 4 + 124?
131
In base 2, what is 110 - 100000101?
-11111111
In base 9, what is -567 - 3?
-571
In base 9, what is -143 - -1?
-142
In base 14, what is d - 12?
-3
In base 15, what is d3 - 11?
c2
In base 9, what is 2 - 11?
-8
In base 13, what is -3cb8 - -4?
-3cb4
In base 13, what is 7397 + 4?
739b
In base 13, what is -5 - -898?
893
In base 14, what is 3 + 3a?
3d
In base 6, what is 54 - -10?
104
In base 9, what is 22 + 1346?
1368
In base 12, what is -1b - -9?
-12
In base 13, what is 0 - 85?
-85
In base 9, what is 3 - 75?
-72
In base 5, what is -1314 - -10?
-1304
In base 14, what is -39 + 5d?
24
In base 14, what is -27 + 2?
-25
In base 5, what is -241 - -2?
-234
In base 8, what is 2 - 1472?
-1470
In base 13, what is a8 + 2?
aa
In base 16, what is -109 + 3?
-106
In base 8, what is 20 - -1?
21
In base 6, what is 4 - -54?
102
In base 5, what is 22442 + 0?
22442
In base 3, what is 12 - 211102?
-211020
In base 2, what is -11000101101 + -110?
-11000110011
In base 2, what is 1101101100101 + 100?
1101101101001
In base 16, what is -2261 + -3?
-2264
In bas